1303459140?
True
Is 457 a factor of 8738297?
True
Is 11 a factor of 67123545?
False
Does 70 divide 1650078213?
False
Is 39622314 a multiple of 321?
True
Does 832 divide 35908288?
True
Is 365 a factor of 33264270?
False
Is 415 a factor of 1272420928?
False
Does 205 divide 964860425?
False
Does 1156 divide 43435544?
True
Is 198 a factor of 98742204?
True
Is 1746 a factor of 276321960?
True
Does 16 divide 2365053504?
True
Is 59141745 a multiple of 2364?
False
Is 79795785 a multiple of 599?
True
Is 503329110 a multiple of 225?
False
Is 1804 a factor of 728619657?
False
Is 1996830413 a multiple of 7468?
False
Is 17580852 a multiple of 36?
True
Is 301479889 a multiple of 74?
False
Does 1913 divide 16688022?
False
Is 26 a factor of 199157816?
True
Is 21041324 a multiple of 14?
False
Is 57958692 a multiple of 257?
False
Does 31 divide 473773?
True
Does 446 divide 552796484?
True
Is 404889361 a multiple of 178?
False
Is 10 a factor of 173185060?
True
Is 102 a factor of 36902354?
False
Is 27 a factor of 2159165976?
False
Does 541 divide 12158434?
True
Is 77 a factor of 1252598805?
False
Does 80 divide 1814879920?
True
Is 43389328 a multiple of 16?
True
Is 441416016 a multiple of 16?
True
Does 11 divide 32324057?
False
Is 2898942 a multiple of 3?
True
Is 7 a factor of 15730106?
True
Is 1356854430 a multiple of 15?
True
Does 162 divide 319408916?
False
Is 328 a factor of 263226560?
True
Is 8146061 a multiple of 3?
False
Is 4202046 a multiple of 43?
True
Is 7464075 a multiple of 75?
True
Does 227 divide 622474179?
True
Does 5555 divide 382772830?
True
Does 21 divide 22098477?
False
Does 16 divide 82147680?
True
Is 3348169170 a multiple of 15?
True
Is 80 a factor of 1955845023?
False
Does 1889 divide 550638464?
False
Is 20718280 a multiple of 440?
True
Is 563 a factor of 141920477?
True
Does 164 divide 44518864?
False
Is 627 a factor of 430938354?
True
Is 820 a factor of 168322118?
False
Is 4577954784 a multiple of 12?
True
Is 45524729 a multiple of 15?
False
Is 215700303 a multiple of 91?
True
Is 52 a factor of 39306731?
False
Is 22290267 a multiple of 14?
False
Is 14 a factor of 3418510?
False
Does 15 divide 59495230?
False
Is 412 a factor of 1801447?
False
Does 11 divide 136089976?
True
Is 94 a factor of 871985874?
False
Is 39744870 a multiple of 330?
True
Does 1941 divide 534586315?
False
Is 13 a factor of 301312882?
True
Is 72 a factor of 290845872?
True
Does 13 divide 1474598750?
False
Does 147 divide 248054856?
True
Is 615 a factor of 9346155?
True
Is 22200 a multiple of 10?
True
Does 217 divide 61288612?
True
Is 335598560 a multiple of 62?
True
Is 162929118 a multiple of 66?
True
Does 511 divide 410780555?
False
Is 140 a factor of 213560760?
True
Is 732 a factor of 1430020?
False
Is 565 a factor of 56750295?
True
Is 52382098 a multiple of 2315?
False
Is 4 a factor of 223842380?
True
Is 1574 a factor of 16067392?
True
Does 316 divide 16993712?
False
Is 47 a factor of 970160182?
True
Is 2502913655 a multiple of 186?
False
Does 20 divide 1325172367?
False
Is 62590198 a multiple of 473?
True
Is 6 a factor of 284901254?
False
Is 14 a factor of 378938?
True
Is 3994016 even?
True
Does 9 divide 20391458?
False
Is 9 a factor of 114327567?
True
Is 11 a factor of 909759554?
True
Is 103 a factor of 724199066?
False
Is 25426803 a multiple of 5?
False
Is 88 a factor of 1390644728?
True
Is 4 a factor of 295253516?
True
Does 6 divide 12309522?
True
Is 237 a factor of 1232400?
True
Is 23902100 a multiple of 20?
True
Is 2 a factor of 1267602?
True
Is 148 a factor of 17803373?
False
Is 67138470 a multiple of 90?
True
Is 3101 a factor of 184850043?
False
Is 11549 a factor of 3955971362?
True
Is 30487850 a multiple of 5?
True
Does 327 divide 912347733?
False
Is 2486486014 a multiple of 72?
False
Is 21888655 a multiple of 703?
False
Does 55 divide 70288562?
False
Does 19 divide 988487878?
False
Is 680 a factor of 1082580400?
True
Does 58 divide 12552012?
True
Is 912 a factor of 6947334192?
True
Is 152923914 a multiple of 5401?
True
Does 10 divide 9836671?
False
Is 235247022 a multiple of 9?
True
Is 53531335 a multiple of 13?
True
Is 170587357 a multiple of 807?
False
Is 549 a factor of 66032888?
False
Is 1719 a factor of 518111994?
False
Is 2945 a factor of 295947114?
False
Does 252 divide 20574119?
False
Is 8431880 a multiple of 10?
True
Is 6 a factor of 156948900?
True
Does 2969 divide 43828378?
True
Is 346749665 a multiple of 145?
True
Is 96659243 a multiple of 35?
False
Does 25 divide 109316425?
True
Is 315 a factor of 399141855?
True
Is 24 a factor of 101306016?
True
Is 4203 a factor of 102990312?
True
Is 62453028 a multiple of 33?
True
Is 33841974 a multiple of 98?
False
Is 27 a factor of 6283460?
False
Does 507 divide 51373551?
False
Is 1054 a factor of 123680576?
True
Is 2530 a factor of 268435530?
True
Is 373286267 a multiple of 436?
False
Does 24 divide 519955?
False
Is 56038273 a multiple of 315?
False
Is 101 a factor of 7059294?
True
Is 551 a factor of 214469508?
False
Is 286960088 a multiple of 100?
False
Is 2777 a factor of 227575150?
True
Is 67 a factor of 722662?
True
Is 1115421216 a multiple of 672?
True
Is 467 a factor of 202716294?
True
Is 19361916 a multiple of 18?
True
Is 61442160 a multiple of 1410?
True
Is 1656 a factor of 546539616?
True
Does 53 divide 17274995?
False
Is 563017801 a multiple of 2?
False
Is 1257341014 a multiple of 1507?
False
Is 19 a factor of 158455155?
True
Does 167 divide 169816789?
True
Is 487302942 a multiple of 6?
True
Is 65609095 a multiple of 175?
False
Does 243 divide 1101766374?
True
Is 2754345 even?
False
Is 837 a factor of 21657375?
True
Does 715 divide 1401400?
True
Is 269498660 a multiple of 4?
True
Does 670 divide 146479060?
False
Is 103 a factor of 327375725?
False
Is 5742 a factor of 615242593?
False
Does 391 divide 295332466?
True
Is 21088404 a multiple of 36?
True
Is 330403770 a multiple of 7230?
True
Is 3234600 a multiple of 1080?
True
Is 15 a factor of 237487020?
True
Is 111515138 a multiple of 707?
False
Is 304904028 a multiple of 132?
True
Is 10443873 a multiple of 11?
True
Is 1138 a factor of 29008758?
True
Is 38537296 a multiple of 14?
True
Is 264 a factor of 21652646?
False
Is 317 a factor of 46832629?
True
Does 241 divide 35451341?
True
Is 144609161 a multiple of 1233?
False
Does 749 divide 52339036?
False
Does 143 divide 114603346?
True
Is 91706592 a multiple of 48?
True
Is 295 a factor of 105771511?
False
Is 2004 a factor of 675534372?
True
Does 1445 divide 30713935?
False
Is 1444952802 a multiple of 263?
False
Is 114 a factor of 32895432?
False
Is 4568 a factor of 118811843?
False
Is 31 a factor of 14666313?
False
Is 57 a factor of 313539344?
False
Is 213 a factor of 38508818?
False
Is 497 a factor of 110960717?
True
Is 123 a factor of 21424263?
True
Does 70 divide 208370540?
True
Is 2661691175 a multiple of 25?
True
Is 112 a factor of 996015776?
True
Is 627 a factor of 4190799902?
False
Is 34396362 a multiple of 77?
True
Is 76309434 a multiple of 5189?
True
Does 2 divide 297790317?
False
Is 8004 a factor of 1270510905?
False
Does 299 divide 5669838?
False
Is 2736 a factor of 1513385568?
True
Is 405 a factor of 143125024?
False
Is 4376440 a multiple of 71?
True
Is 21 a factor of 30072658?
False
Does 10 divide 22384299?
False
Is 158 a factor of 109235986?
True
Is 11 a factor of 44401544?
True
Is 214 a factor of 45790436?
True
Is 404 a factor of 103487832?
True
Does 44 divide 169376328?
True
Is 6129530163 a multiple of 616?
False
Is 7713874 a multiple of 14?
True
Is 77323895 a multiple of 6?
False
Is 2555 a factor of 1198542835?
True
Does 159 divide 150425130?
True
Does 553 divide 50535905?
True
Does 112 divide 112869232?
True
Is 1746846046 a multiple of 502?
True
Is 411 a factor of 230050263?
True
Is 1577580 a multiple of 17?
False
Is 31 a factor of 2675888668?
False
Is 22 a factor of 35095456?
True
Is 17 a factor of 22791237?
True
Does 435 divide 42803686?
False
Is 40232065 a multiple of 239?
True
Is 54 a factor of 15703856?
False
Is 115 a factor of 274065920?
False
Is 87361536 a multiple of 944?
True
Does 69 divide 265122875?
False
Does 363 divide 338640522?
True
Is 23024679 a multiple of 245?
False
Is 134 a factor of 36127609?
False
Is 121 a factor of 77746856?
True
Does 2678 divide 368053608?
